. Determine k(3).
6
Let h(f) = f + 4. Let j = 12 - 10. Suppose 0 = -m + j*m. Calculate h(m).
4
Let n(g) be the second derivative of g**5/20 + g**4/12 - 3*g**2/2 - 6*g. Let y be (2 - (0 - -1))*0. What is n(y)?
-3
Let w(o) = -3*o - 9 + 3*o - 6*o**2 + o. Let r(k) = -5*k**2 + k - 8. Let b(z) = 5*r(z) - 4*w(z). Let m = 0 + 0. What is b(m)?
-4
Let v = 10 - 10. Let c(w) be the first derivative of w**3/3 - 6*w - 1. What is c(v)?
-6
Let b(d) = -d - 10. Let h be b(-3). Let s be (5*1)/(8 + h). Let z(a) = a**2 - 7*a + 4. What is z(s)?
-6
Let l(f) = 8*f**3 - f. Suppose -5*h = w + 5, 3*w = -5*h + 24 - 9. Let b(j) = -j**2 + 9*j + 11. Let i be b(w). What is l(i)?
7
Let j(x) = x**2 - 7*x - 1. Suppose -6*t = -t + 5*b - 15, -4*t + 5*b + 12 = 0. Give j(t).
-13
Let y(x) = 3 + 2 + 8*x - 3 - 9*x. Calculate y(-3).
5
Suppose 22 = c - 0*c + 4*s, 3*s = 4*c - 12. Let a(z) = z + 5. What is a(c)?
11
Suppose -3*c = -8*c. Suppose -2*f + 0*f + 10 = c. Suppose 0 = -f*d - 0*d - 25. Let i(r) = r. What is i(d)?
-5
Let m(z) = -3*z**2 + 7. Let x(f) = -f**2 + f + 1. Let g(l) = -2*l**2 - 2*l + 9. Let o(q) = -g(q) - 2*x(q). Let c(u) = -8*m(u) - 5*o(u). What is c(-1)?
3
Let r be 3/2*(-20)/6. Let x be (-6)/(-4) - r/(-10). Let n(m) = -5*m**2 - m**2 - 2*m**2 + m. Give n(x).
-7
Suppose 0 = 3*j - 4*o + 6*o - 40, -4*o + 56 = 4*j. Suppose 0 = -2*f - j + 4. Let r(a) = -a**3 - 5*a**2 - 2*a - 4. Determine r(f).
-12
Let m(z) = -z**3 - 5*z**2 - 2*z + 1. Let v be (-10)/(-4)*48/(-40). Give m(v).
-11
Let w(g) = -4*g**3 + g**2 - 4*g - 7. Let p(b) = -b**3 - b**2 - b - 1. Let f(y) = 3*p(y) - w(y). Let v be 1/2*8 - 1. What is f(v)?
-2
Let z be (1/(-2))/(2/16). Let q(a) = 0 + 9*a + 13 + 6. Let u(i) = 5*i + 10. Let h(j) = -6*q(j) + 11*u(j). Give h(z).
-8
Let q(p) = p**3 + p**2 - p - 1. Let y(m) = -m**2 + 6*m - 3. Let x be y(6). Let b be 33/9 + (-1)/x. Let h be (-2)/b + (-3)/(-6). Give q(h).
-1
Let z(w) be the third derivative of w**5/60 - w**4/12 - w**3/6 + 17*w**2. Give z(-2).
7
Suppose -2*u = -4*j + 20, 24 = 3*j + 2*j - 2*u. Let f(g) = g**3 + g**2 + g. Let r(m) = 5*m**3 + 7*m + 1. Let w(o) = j*f(o) - r(o). Determine w(3).
-1
Let r(c) = 8*c**3 + 5*c**2 + 3*c + 1. Let w(i) = i**2 + i. Let p(k) = -r(k) + 4*w(k). Determine p(1).
-9
Let z(b) = -6*b + 5. Let t(w) = 9*w - 8. Let u(k) = -5*t(k) - 8*z(k). Let y(q) = q**2 + 4*q - 1. Let a be y(-4). Give u(a).
-3
Let u(c) = -6*c**2 - 31*c - 9. Let k be u(-5). Let v(f) = 0*f - 3*f + f**3 + 2*f + 4*f**2. Calculate v(k).
4
Let r(w) = w**3 + w**2 - w + 10. Let l be (1 + -1)/(2 - 3). What is r(l)?
10
Suppose -4*o - 4*d = 0, 5*o - 4*d - 38 + 11 = 0. Suppose -12 = k + o*k + 2*n, 5*k - 4*n + 2 = 0. Let i(a) = -3*a**2 - 3*a - 1. Calculate i(k).
-7
Let f be 3 + (2 - -2) + -1. Let h = -4 + f. Let z be h/4 - 5/10. Let v(a) = a**2 - a + 2. What is v(z)?
2
Let d(p) be the second derivative of p**7/840 - p**6/90 + p**5/40 - p**4/4 - p**3 - p. Let c(g) be the second derivative of d(g). Give c(4).
6
Let o be 1 + 0/(1 - -1). Let q = o + 4. Let t(j) = q*j + 0*j - 4*j + 3. Give t(-6).
-3
Let l = 0 - -7. Let t(y) = 3 - l*y - 1 - 3*y - 3. What is t(-1)?
9
Let d = 78 + -73. Let t(c) = 2 + 0*c + 4 + 5*c - c**2. What is t(d)?
6
Let l(d) = -d**3 + 3*d**2 - 3*d + 2. Suppose -10 = 2*n - 0*n + 5*j, -2*n + 26 = -4*j. Let f = -2 + n. Calculate l(f).
-7
Suppose 0 = 15*v - 19 - 11. Let b be 6/15 + (-16)/(-10). Let o(m) = -b*m - 2 + 7*m + 1. Give o(v).
9
Let l = 1 - -2. Let t(m) = 8*m**2 - 16*m + 5. Let u(s) = 2*s**2 - 4*s + 1. Let h = 1 - -1. Let z(b) = h*t(b) - 9*u(b). What is z(l)?
-5
Let v(t) = t - 3. Let c be v(5). Suppose 3*l - 3 = c*l. Suppose -2*b - 2*j = -10, 5*b = -2*j + 4*j - l. Let s(d) = -d - 1. Give s(b).
-2
Let n(h) = -h**2 + 7*h - 5. Let a be n(5). Let q(t) be the first derivative of -t**2/2 + 3*t - 1. Calculate q(a).
-2
Let a(d) = d**2 - 8*d + 2. Let s be a(8). Let o(y) = y**3 + y**2 - 2*y + 3. What is o(s)?
11
Let i(x) = x**2 + 4*x + 4. Let v be -3*(-3)/18*2. Suppose -2*a + 3*a + v = 0. Let t(w) = 6*w + 1. Let y be t(a). Give i(y).
9
Let n(u) = 5*u**2 - 4. Let q = -2 + 8. Let h(j) = j**2 - 1. Let v(f) = q*h(f) - n(f). Determine v(0).
-2
Let s(t) = -11*t**3 - t**2 + 2*t - 3. Let u(d) = -23*d**3 - 2*d**2 + 4*d - 7. Let k(f) = -5*s(f) + 2*u(f). Give k(1).
9
Suppose -71 = 5*u - 16. Let v(g) = 3*g + 1. Let h(c) = -16*c - 5. Let l(o) = u*v(o) - 2*h(o). Let d be 13/5 + 30/75. What is l(d)?
-4
Let f(v) = -v - 1. Let g be f(-7). Let n(l) = l**3 - 5*l**2 + 8*l + 1. Let t(u) = u**3 - 5*u**2 + 6*u + 1. Let r(w) = -5*n(w) + 6*t(w). Give r(g).
13
Let f be (-5 + 3)*5/2. Let x(p) = p**3 + 5*p**2 + p + 7. Determine x(f).
2
Let d(l) = l**3 - 5*l**2 - 6*l - 1. Suppose 40 = 5*o + 10. What is d(o)?
-1
Suppose -2*c = 4 - 8. Suppose -2*s = c*s. Let b(i) = -i**2 + 3. What is b(s)?
3
Let o(p) = 6*p**2 + 15. Let i(b) = b**2 + 3. Let y(w) = 11*i(w) - 2*o(w). Suppose 2*q + 6 - 2 = 0. Let f be q/4*(-4 - -4). Give y(f).
3
Let n = 13 - 17. Let g(w) = w**2 + 6*w + 6. Determine g(n).
-2
Let w(k) = k**3 - 5*k**2 - 5*k - 4. Let c be w(6). Let g be (1/c)/((-1)/(-4)). Let f(r) = r**3 + r + 2*r**2 - 7*r**2 + 2 + r. Give f(g).
-6
Let w(f) = f**3 + 6*f**2 - f - 1. Let q be w(-6). Let g(s) = s**2 - 7*s + 7. Give g(q).
-3
Let t = -6 + 9. Suppose -t*g = -4 - 5, 19 = 2*z + 3*g. Let q(w) = w. Give q(z).
5
Let y(i) = i**2 - 5*i - 5. Suppose 4 = n + 3*a, 7*a - 30 = -4*n + 2*a. Let r = n + -5. Calculate y(r).
-5
Let f be (-4)/10 + 14/10. Let l be -1*(f + -2 - 0). Let p(m) = m**2. Calculate p(l).
1
Let w(o) be the third derivative of o**7/5040 + o**6/144 - o**5/30 - 3*o**2. Let b(u) be the third derivative of w(u). Let d = 9 - 14. What is b(d)?
0
Let u(i) = -9*i**2 - 6*i - 21. Let j(h) = -5*h**2 - 3*h - 11. Let f(p) = 11*j(p) - 6*u(p). Let w be (-57)/(-12) - (-1)/4. Determine f(w).
-5
Let y(q) = q + 6. Let i(s) = -1. Let k(n) = -3*i(n) - y(n). Let c(u) = u. Let h be c(-6). Let t = h - -11. Give k(t).
-8
Let y(v) = v - 6. Suppose 0 = 2*n - w + 9, -5*w - 21 = 2*n + 6. Calculate y(n).
-12
Suppose l + 4*l - 15 = -2*q, 3*l - 40 = 5*q. Let z(x) be the third derivative of 7/6*x**3 + 0*x + 4*x**2 + 1/60*x**5 + 0 + 1/4*x**4. Give z(q).
2
Suppose 5*c = -x + 2, c = 4*x - 5*x - 2. Let r(s) be the first derivative of 0*s**2 - 2*s - 1/4*s**4 + c + 2/3*s**3. Determine r(2).
-2
Let q(f) = 2 - 4 + f - 1. Give q(4).
1
Let j(w) be the third derivative of w**6/120 - w**5/20 + w**4/8 - 8*w**2. Let z(r) be the second derivative of -r**3/6 - 2*r. Let k be z(-2). Determine j(k).
2
Suppose 0 = -8*o + 3*o + 25. Suppose -4 = 2*m - i, 0*m = -o*m + 3*i - 8. Let u(n) be the second derivative of n**3/3 + 3*n**2 - n. What is u(m)?
-2
Let m(t) = 6*t**3 - 2*t**2 + 2*t - 1. Let x be m(1). Let v(s) = -2*s - 21*s**3 - 1 + 3*s - x*s**2 + 22*s**3 - 5. Give v(5).
-1
Suppose 0 = -f - 0*f + v + 4, 5*v + 2 = -4*f. Let i(m) be the third derivative of -m**6/60 + m**5/30 + m**4/24 - m**3/6 + 13*m**2. Give i(f).
-7
Suppose r + 4*r = 10. Suppose 5 = -k + m, 3*m + r*m - 22 = 2*k. Let z(w) = -6*w**2 + 1. Give z(k).
-5
Let f(k) be the first derivative of 1/4*k**4 - 2 + 3*k - 2*k**2 - k**3. Determine f(4).
3
Let d = 5 - 3. Let g(o) be the first derivative of -o - 5/2*o**d - 2. Give g(-2).
9
Suppose 5*b - 12 = 4*c + 9, -23 = -3*b + 5*c. Let m(l) = -6*l + b + 7*l - 1 + 2*l**2. Calculate m(-1).
1
Let r(t) be the third derivative of -t**6/360 - t**5/24 - 5*t**4/24 + t**3/6 - 2*t**2. Let i(o) be the first derivative of r(o). What is i(-5)?
-5
Let t be -3 - (0 + 1 + -2 - -2). Let v(n) = -n**2 - 4*n + 2. Determine v(t).
2
Let x(u) = u**3 + 4*u**2 + 2. Let o(c) = -2*c**3 - 3*c**2 + 2*c - 1. Let k be o(1). What is x(k)?
2
Let i = 120 - 121. Let d(u) = 26*u**3 + u. What is d(i)?
-27
Let z(p) be the first derivative of -p**4/4 + p**3/3 - 2*p - 2. Suppose -3*q + 2*q - 18 = 4*h, -4*q + 5*h + 33 = 0. What is z(q)?
-6
Let v(j) = j**2 - 6. Suppose -3*y + 11 + 25 = 0. Let a be 8/y - 12/(-9). Suppose 4*u - a*u = 0. Give v(u).
-6
Suppose -m = -1, -4*w + w + 4*m + 14 = 0. Let k = -3 + w. Let p(d) = 1 - k*d + d - 5*d. What is p(1)?
-6
Let w(k) = 4*k**2 - 5*k - 2. Let l(q) = 2*q**2 - 9*q**2 + 10*q + 2 + 1. Let r(t) = 3*l(t) + 5*w(t). Suppose 11 - 1 = 5*h. Determine r(h).
5
Let j(y) = -y**2 + 9*y + 3. Let u be j(9). Let z be 3/3 + -9 + u. Let q(d) = d + 1. Give q(z).
-4
Let x(a) be the first deriv